1531195 prime?
False
Is 1598981 a prime number?
False
Is 189337 composite?
False
Is 1017655 a prime number?
False
Is 1337753 prime?
True
Is 6989 prime?
False
Is 2579 a composite number?
False
Is 484361 prime?
True
Is 96071 composite?
True
Is 32027 composite?
False
Is 4513 composite?
False
Is 23701 a composite number?
True
Is 2481 composite?
True
Is 106261 a prime number?
True
Is 67882 prime?
False
Is 46894 prime?
False
Is 98927 a prime number?
True
Is 37403 a composite number?
True
Is 3793 composite?
False
Is 22469 composite?
False
Is 828101 a composite number?
False
Is 16843 a prime number?
True
Is 13042 a prime number?
False
Is 69205 a composite number?
True
Is 6521 a composite number?
False
Is 296473 a prime number?
True
Is 338497 a composite number?
False
Is 629 a composite number?
True
Is 24643 composite?
True
Is 2657 prime?
True
Is 2218 prime?
False
Is 250147 a composite number?
False
Is 11657 composite?
False
Is 6406 composite?
True
Is 18371 prime?
True
Is 69313 a composite number?
False
Is 1379 composite?
True
Is 414607 composite?
False
Is 8741 a composite number?
False
Is 964463 a composite number?
False
Is 128713 prime?
False
Is 6029 composite?
False
Is 3093 a prime number?
False
Is 7001 prime?
True
Is 1220213 a prime number?
False
Is 801769 a prime number?
False
Is 6773 a composite number?
True
Is 19659 prime?
False
Is 973 composite?
True
Is 2129 a prime number?
True
Is 3523 a composite number?
True
Is 54797 a prime number?
False
Is 49091 a prime number?
False
Is 7403 prime?
False
Is 20231 composite?
False
Is 28361 composite?
True
Is 13511 prime?
False
Is 19699 composite?
False
Is 1937 prime?
False
Is 28511 composite?
True
Is 35617 prime?
True
Is 18893 prime?
False
Is 11073 a composite number?
True
Is 9523 composite?
True
Is 370759 a composite number?
False
Is 178747 a composite number?
True
Is 695 a composite number?
True
Is 2179 a prime number?
True
Is 41117 a composite number?
False
Is 459411 a composite number?
True
Is 30607 a prime number?
False
Is 10771 a composite number?
False
Is 802487 a composite number?
True
Is 12697 prime?
True
Is 221159 prime?
True
Is 334385 a composite number?
True
Is 655 a prime number?
False
Is 1021731 composite?
True
Is 41929 a prime number?
False
Is 1916231 prime?
True
Is 13873 prime?
True
Is 6442 prime?
False
Is 14239 a prime number?
False
Is 64401 a composite number?
True
Is 12193 composite?
True
Is 22942 composite?
True
Is 168599 composite?
False
Is 5587 prime?
False
Is 1669 a composite number?
False
Is 10349 a composite number?
True
Is 23117 a composite number?
False
Is 126713 a composite number?
False
Is 20573 prime?
False
Is 1141661 a prime number?
True
Is 4379 a composite number?
True
Is 313661 prime?
True
Is 17401 a prime number?
True
Is 40609 a prime number?
True
Is 13171 prime?
True
Is 628559 prime?
False
Is 7283 composite?
False
Is 2438791 a composite number?
False
Is 426813 composite?
True
Is 837017 prime?
True
Is 41141 composite?
False
Is 21347 prime?
True
Is 49957 a prime number?
True
Is 57613 prime?
False
Is 199678 a composite number?
True
Is 28349 a prime number?
True
Is 5273 a prime number?
True
Is 20059 prime?
False
Is 54083 a composite number?
False
Is 124855 prime?
False
Is 52971 a prime number?
False
Is 4861 composite?
False
Is 592139 composite?
False
Is 24439 composite?
False
Is 3449 prime?
True
Is 3215 prime?
False
Is 45119 a composite number?
False
Is 362693 a prime number?
True
Is 114787 composite?
True
Is 8491 a composite number?
True
Is 9687 a composite number?
True
Is 186349 a prime number?
False
Is 12891 composite?
True
Is 14293 composite?
False
Is 1003 a composite number?
True
Is 47 composite?
False
Is 477878 prime?
False
Is 434222 a composite number?
True
Is 546919 composite?
False
Is 131951 composite?
True
Is 301177 prime?
True
Is 5519 a composite number?
False
Is 16649 a composite number?
False
Is 231733 a prime number?
False
Is 30427 a prime number?
True
Is 4009 prime?
False
Is 11381 a prime number?
False
Is 3377 a composite number?
True
Is 165841 composite?
True
Is 898519 prime?
True
Is 166919 prime?
True
Is 2459 a prime number?
True
Is 33343 composite?
False
Is 380429 a prime number?
False
Is 16177 prime?
False
Is 23105 a prime number?
False
Is 6449 composite?
False
Is 1006433 a prime number?
True
Is 51149 prime?
False
Is 651971 composite?
False
Is 95561 composite?
False
Is 113641 a prime number?
False
Is 7621 composite?
False
Is 32321 composite?
False
Is 19001 composite?
False
Is 118343 a composite number?
False
Is 207443 a composite number?
False
Is 2281 a prime number?
True
Is 225257 a composite number?
False
Is 88357 a prime number?
False
Is 23849 prime?
False
Is 3323 prime?
True
Is 6899 prime?
True
Is 1883 a composite number?
True
Is 16871 prime?
True
Is 143161 a prime number?
False
Is 4747 prime?
False
Is 49183 prime?
False
Is 45659 composite?
False
Is 352579 prime?
True
Is 27229 prime?
False
Is 129 composite?
True
Is 234967 a prime number?
True
Is 1090697 prime?
True
Is 37253 composite?
False
Is 8779 composite?
False
Is 4442 a composite number?
True
Is 4001 a composite number?
False
Is 7789 a prime number?
True
Is 17921 a prime number?
True
Is 27719 a composite number?
True
Is 11719 a composite number?
False
Is 45413 a composite number?
False
Is 1811 composite?
False
Is 13891 composite?
True
Is 1644719 prime?
True
Is 14015 prime?
False
Is 186209 composite?
True
Is 14603 prime?
False
Is 162937 prime?
True
Is 67765 a prime number?
False
Is 427351 prime?
True
Is 40343 a prime number?
True
Is 361481 composite?
False
Is 18391 composite?
True
Is 319505 composite?
True
Is 15469 prime?
False
Is 451379 a composite number?
True
Is 569461 a composite number?
False
Is 155033 prime?
False
Is 84953 prime?
False
Is 65761 composite?
False
Is 4661 a prime number?
False
Is 563383 composite?
True
Is 11743 a composite number?
False
Is 29813 composite?
True
Is 129169 prime?
True
Is 4770143 a composite number?
True
Is 1796453 composite?
True
Is 35641 prime?
False
Is 20561 prime?
False
Is 210421 composite?
False
Is 310547 composite?
False
Is 8413 a composite number?
True
Is 526893 prime?
False
Is 59897 prime?
False
Is 30529 composite?
False
Is 2557 composite?
False
Is 7753 a composite number?
False
Is 26183 composite?
False
Is 109199 prime?
True
Is 58069 a composite number?
True
Is 38195 composite?
True
Is 46021 a composite number?
False
Is 2159 a prime number?
False
Is 10077 a composite number?
True
Is 146609 a composite number?
False
Is 7639 a prime number?
True
Is 5623 a composite number?
False
Is 43391 a prime number?
True
Is 4489 composite?
True
Is 1068946 a prime number?
False
Is 329761 prime?
True
Is 10007 a prime number?
True
Is 6313 composite?
True
Is 116009 composite?
False
Is 1031 prime?
True
Is 1730657 a prime number?
True
Is 1319 prime?
True
Is 7721 prime?
False
Is 268141 a prime number?
False
Is 7447 prime?
False
Is 72139 composite?
False
Is 30731 a composite number?
True
Is 99703 prime?
False
Is 13781 composite?
False
Is 71527 a prime number?
True
Is 13289 prime?
False
Is 3265 a composite number?
True
Is 891169 composite?
True
Is 35827 a composite number?
True
Is 911517 a composite number?
True
Is 14461 prime?
True
Is 18969 a composite number?
True
Is 166787 composite?
True
Is 10961 composite?
True
Is 85 a prime number?
False
Is 422893 composite?
False
Is 120107 a prime number?
False
Is 64951 prime?
True
Is 28907 a prime number?
False
Is 10307 prime?
False
Is 71159 a prime number?
False
Is 7219 prime?
True
Is 196643 prime?
True
Is 13217 a prime number?
True
Is 3821 prime?
True
Is 23699 prime?
False
Is 24943 composite?
False
Is 568415 composite?
True
Is 16217 prime?
True
Is 41681 composite?
False
Is 14591 prime?
True
Is 1087 prime?
True
Is 473 a composite number?
True
Is 977971 a composite number?
False
Is 41011 a prime number?
True
Is 33038 prime?
False
Is 68273 prime?
False
Is 18457 prime?
True
Is 183081 prime?
False
Is 330943 prime?
True
Is 281509 a composite number?
False
Is 161141 a prime number?
True
Is 222245 a composite number?
True
Is 5331 prime?
False
Is 25457 a composite number?
False
Is 243353 a composite number?
True
Is 227081 composite?
False
Is 6169 prime?
False
Is 141563 prime?
False
Is 290083 prime?
True
Is 1119 prime?
False
Is 19841 prime?
Tr